{"id":292,"date":"2024-09-30T18:48:55","date_gmt":"2024-09-30T16:48:55","guid":{"rendered":"https:\/\/lacasa-bordsdeseine.com\/?page_id=292"},"modified":"2024-11-20T17:43:01","modified_gmt":"2024-11-20T16:43:01","slug":"mentions-legales","status":"publish","type":"page","link":"https:\/\/www.bordsdeseine.com\/lacasa\/mentions-legales\/","title":{"rendered":"Mentions l\u00e9gales"},"content":{"rendered":"<div class=\"wpb-content-wrapper\"><p>[vc_row full_width=\u00a0\u00bbstretch_row_content\u00a0\u00bb full_height=\u00a0\u00bbyes\u00a0\u00bb css=\u00a0\u00bb.vc_custom_1727714772187{background-color: #f59f48 !important;}\u00a0\u00bb][vc_column][vc_empty_space height=\u00a0\u00bb200px\u00a0\u00bb][vc_column_text css=\u00a0\u00bb\u00a0\u00bb]<\/p>\n<h1 style=\"text-align: center;\">MENTIONS L\u00c9GALES<\/h1>\n<p>[\/vc_column_text][vc_empty_space height=\u00a0\u00bb100px\u00a0\u00bb][vc_row_inner][vc_column_inner][vc_column_text css=\u00a0\u00bb\u00a0\u00bb]<\/p>\n<p class=\"p3\"><b>1. Identit\u00e9 du propri\u00e9taire du site<\/b><\/p>\n<ul class=\"ul1\">\n<li class=\"li4\"><b>Nom ou raison sociale<\/b> de l&rsquo;entreprise\u00a0: Quais de Seine Food<\/li>\n<li class=\"li4\"><b>Forme juridique<\/b> de l&rsquo;entreprise\u00a0: SAS<\/li>\n<li class=\"li4\"><b>Adresse du si\u00e8ge social<\/b>\u00a0: 1 rue de Seine \u2013 78\u00a0670 M\u00e9dan<\/li>\n<li class=\"li4\"><b>Num\u00e9ro d&rsquo;immatriculation<\/b>\u00a0: RCS Versailles n\u00b0983\u00a0627 902<\/li>\n<li class=\"li4\"><b>Capital social<\/b>\u00a0: 145.000\u20ac<\/li>\n<li class=\"li4\"><b>Nom du directeur de la publication\u00a0:<\/b> Matthieu Evrard<\/li>\n<\/ul>\n<p class=\"p3\"><b>2. H\u00e9bergeur du site<\/b><\/p>\n<p class=\"p4\">Le site est h\u00e9berg\u00e9 par la soci\u00e9t\u00e9 <b>OVH SAS<\/b>, situ\u00e9e <b>2 rue Kellermann &#8211; BP 80157 &#8211; 59053 Roubaix Cedex 1<\/b>.<br \/>\nT\u00e9l\u00e9phone : <b>1007<\/b><b> <\/b><\/p>\n<p class=\"p3\"><b>3. Contact<\/b><\/p>\n<p class=\"p5\">Adresse email : <b>contact@bordsdeseine.com<\/b><\/p>\n<p class=\"p5\">Num\u00e9ro de t\u00e9l\u00e9phone : <b>01.34.90.16.96<\/b><\/p>\n<p class=\"p4\">Formulaire de contact : Le site propose un formulaire de demande de groupe et un formulaire de r\u00e9servation via Zenchef.<b> <\/b><\/p>\n<p class=\"p3\"><b>4. Propri\u00e9t\u00e9 intellectuelle<\/b><\/p>\n<p class=\"p6\">Tous les \u00e9l\u00e9ments pr\u00e9sents sur le site (textes, logos, images, graphismes, etc.) sont la propri\u00e9t\u00e9 exclusive de l\u2019entreprise <i>Quais de Seine Food<\/i> ou sont utilis\u00e9s avec l\u2019autorisation de leurs titulaires. L\u2019identit\u00e9 visuelle et la conception du site ont \u00e9t\u00e9 r\u00e9alis\u00e9es par l&rsquo;agence <i>Divinemenciel<\/i> et sont prot\u00e9g\u00e9es par les droits de propri\u00e9t\u00e9 intellectuelle. Toute reproduction, modification ou distribution de ces \u00e9l\u00e9ments sans autorisation pr\u00e9alable est interdite.<\/p>\n<p class=\"p3\"><b>5. Donn\u00e9es personnelles et cookies<\/b><\/p>\n<p class=\"p4\">Conform\u00e9ment au <b>R\u00e8glement G\u00e9n\u00e9ral sur la Protection des Donn\u00e9es (RGPD)<\/b>, le restaurant <i>Quais de Seine Food<\/i> s&rsquo;engage \u00e0 prot\u00e9ger les donn\u00e9es personnelles des utilisateurs. Les informations collect\u00e9es \u00e0 travers le formulaire de contact ou lors de la r\u00e9servation sont destin\u00e9es uniquement \u00e0 des fins de gestion des demandes et de la relation client. Les utilisateurs disposent d\u2019un droit d&rsquo;acc\u00e8s, de rectification et de suppression des donn\u00e9es les concernant en envoyant une demande \u00e0 <b>contact@bordsdeseine.com<\/b>.<\/p>\n<p class=\"p4\">Le site utilise des cookies pour am\u00e9liorer l&rsquo;exp\u00e9rience utilisateur et analyser la fr\u00e9quentation du site. Les utilisateurs ont la possibilit\u00e9 de g\u00e9rer ou refuser les cookies via les param\u00e8tres de leur navigateur.<\/p>\n<p class=\"p3\"><b>6. Responsabilit\u00e9<\/b><\/p>\n<p class=\"p4\"><i>Quais de Seine Food<\/i> met tout en \u0153uvre pour assurer l&rsquo;exactitude des informations publi\u00e9es sur le site. Cependant, le restaurant ne peut \u00eatre tenu responsable des erreurs ou omissions, ni des dommages r\u00e9sultant de l\u2019utilisation des informations pr\u00e9sentes sur le site. Les informations relatives aux menus, prix et horaires sont donn\u00e9es \u00e0 titre indicatif et peuvent \u00eatre modifi\u00e9es sans pr\u00e9avis.<b> <\/b><\/p>\n<p class=\"p3\"><b>7. Conditions d\u2019utilisation du site<\/b><\/p>\n<p class=\"p4\">Les utilisateurs peuvent naviguer sur le site \u00e0 condition de respecter les pr\u00e9sentes mentions l\u00e9gales. Il est interdit d&rsquo;utiliser le contenu du site \u00e0 des fins commerciales sans autorisation pr\u00e9alable. L&rsquo;utilisateur dispose du droit d&rsquo;acc\u00e9der aux informations le concernant et de signaler tout contenu inappropri\u00e9. Les utilisateurs sont responsables des donn\u00e9es qu&rsquo;ils soumettent via les formulaires disponibles.<\/p>\n<p class=\"p3\"><b>8. Droit applicable<\/b><\/p>\n<p class=\"p4\">Le site et ses mentions l\u00e9gales sont soumis \u00e0 la l\u00e9gislation fran\u00e7aise. Tout litige relatif \u00e0 l\u2019utilisation du site sera soumis \u00e0 la comp\u00e9tence des tribunaux fran\u00e7ais.<\/p>\n<p>[\/vc_column_text][vc_empty_space height=\u00a0\u00bb200px\u00a0\u00bb][\/vc_column_inner][\/vc_row_inner][\/vc_column][\/vc_row]<\/p>\n<\/div>","protected":false},"excerpt":{"rendered":"<p>[vc_row full_width=\u00a0\u00bbstretch_row_content\u00a0\u00bb full_height=\u00a0\u00bbyes\u00a0\u00bb css=\u00a0\u00bb.vc_custom_1727714772187{background-color: #f59f48 !important;}\u00a0\u00bb][vc_column][vc_empty_space height=\u00a0\u00bb200px\u00a0\u00bb][vc_column_text css=\u00a0\u00bb\u00a0\u00bb] MENTIONS L\u00c9GALES [\/vc_column_text][vc_empty_space height=\u00a0\u00bb100px\u00a0\u00bb][vc_row_inner][vc_column_inner][vc_column_text css=\u00a0\u00bb\u00a0\u00bb] 1. Identit\u00e9 du propri\u00e9taire du site Nom ou raison sociale de l&rsquo;entreprise\u00a0: Quais de Seine Food Forme juridique de l&rsquo;entreprise\u00a0: SAS Adresse du si\u00e8ge social\u00a0: 1 rue de Seine \u2013 78\u00a0670 M\u00e9dan Num\u00e9ro d&rsquo;immatriculation\u00a0: RCS Versailles n\u00b0983\u00a0627 902 Capital social\u00a0: 145.000\u20ac Nom&hellip;<\/p>\n","protected":false},"author":6,"featured_media":0,"parent":0,"menu_order":0,"comment_status":"closed","ping_status":"closed","template":"","meta":{"_acf_changed":false,"footnotes":""},"class_list":["post-292","page","type-page","status-publish","hentry"],"acf":[],"yoast_head":"<!-- This site is optimized with the Yoast SEO plugin v25.6 - https:\/\/yoast.com\/wordpress\/plugins\/seo\/ -->\n<title>Mentions l\u00e9gales - LA CASA<\/title>\n<meta name=\"robots\" content=\"index, follow, max-snippet:-1, max-image-preview:large, max-video-preview:-1\" \/>\n<link rel=\"canonical\" href=\"https:\/\/www.bordsdeseine.com\/lacasa\/mentions-legales\/\" \/>\n<meta property=\"og:locale\" content=\"fr_FR\" \/>\n<meta property=\"og:type\" content=\"article\" \/>\n<meta property=\"og:title\" content=\"Mentions l\u00e9gales - LA CASA\" \/>\n<meta property=\"og:description\" content=\"[vc_row full_width=\u00a0\u00bbstretch_row_content\u00a0\u00bb full_height=\u00a0\u00bbyes\u00a0\u00bb css=\u00a0\u00bb.vc_custom_1727714772187{background-color: #f59f48 !important;}\u00a0\u00bb][vc_column][vc_empty_space height=\u00a0\u00bb200px\u00a0\u00bb][vc_column_text css=\u00a0\u00bb\u00a0\u00bb] MENTIONS L\u00c9GALES [\/vc_column_text][vc_empty_space height=\u00a0\u00bb100px\u00a0\u00bb][vc_row_inner][vc_column_inner][vc_column_text css=\u00a0\u00bb\u00a0\u00bb] 1. Identit\u00e9 du propri\u00e9taire du site Nom ou raison sociale de l&rsquo;entreprise\u00a0: Quais de Seine Food Forme juridique de l&rsquo;entreprise\u00a0: SAS Adresse du si\u00e8ge social\u00a0: 1 rue de Seine \u2013 78\u00a0670 M\u00e9dan Num\u00e9ro d&rsquo;immatriculation\u00a0: RCS Versailles n\u00b0983\u00a0627 902 Capital social\u00a0: 145.000\u20ac Nom&hellip;\" \/>\n<meta property=\"og:url\" content=\"https:\/\/www.bordsdeseine.com\/lacasa\/mentions-legales\/\" \/>\n<meta property=\"og:site_name\" content=\"LA CASA\" \/>\n<meta property=\"article:modified_time\" content=\"2024-11-20T16:43:01+00:00\" \/>\n<meta name=\"twitter:card\" content=\"summary_large_image\" \/>\n<meta name=\"twitter:label1\" content=\"Dur\u00e9e de lecture estim\u00e9e\" \/>\n\t<meta name=\"twitter:data1\" content=\"3 minutes\" \/>\n<script type=\"application\/ld+json\" class=\"yoast-schema-graph\">{\"@context\":\"https:\/\/schema.org\",\"@graph\":[{\"@type\":\"WebPage\",\"@id\":\"https:\/\/www.bordsdeseine.com\/lacasa\/mentions-legales\/\",\"url\":\"https:\/\/www.bordsdeseine.com\/lacasa\/mentions-legales\/\",\"name\":\"Mentions l\u00e9gales - LA CASA\",\"isPartOf\":{\"@id\":\"https:\/\/www.bordsdeseine.com\/lacasa\/#website\"},\"datePublished\":\"2024-09-30T16:48:55+00:00\",\"dateModified\":\"2024-11-20T16:43:01+00:00\",\"breadcrumb\":{\"@id\":\"https:\/\/www.bordsdeseine.com\/lacasa\/mentions-legales\/#breadcrumb\"},\"inLanguage\":\"fr-FR\",\"potentialAction\":[{\"@type\":\"ReadAction\",\"target\":[\"https:\/\/www.bordsdeseine.com\/lacasa\/mentions-legales\/\"]}]},{\"@type\":\"BreadcrumbList\",\"@id\":\"https:\/\/www.bordsdeseine.com\/lacasa\/mentions-legales\/#breadcrumb\",\"itemListElement\":[{\"@type\":\"ListItem\",\"position\":1,\"name\":\"Accueil\",\"item\":\"https:\/\/www.bordsdeseine.com\/lacasa\/\"},{\"@type\":\"ListItem\",\"position\":2,\"name\":\"Mentions l\u00e9gales\"}]},{\"@type\":\"WebSite\",\"@id\":\"https:\/\/www.bordsdeseine.com\/lacasa\/#website\",\"url\":\"https:\/\/www.bordsdeseine.com\/lacasa\/\",\"name\":\"LA CASA - BORDS DE SEINE\",\"description\":\"\",\"publisher\":{\"@id\":\"https:\/\/www.bordsdeseine.com\/lacasa\/#organization\"},\"potentialAction\":[{\"@type\":\"SearchAction\",\"target\":{\"@type\":\"EntryPoint\",\"urlTemplate\":\"https:\/\/www.bordsdeseine.com\/lacasa\/?s={search_term_string}\"},\"query-input\":{\"@type\":\"PropertyValueSpecification\",\"valueRequired\":true,\"valueName\":\"search_term_string\"}}],\"inLanguage\":\"fr-FR\"},{\"@type\":\"Organization\",\"@id\":\"https:\/\/www.bordsdeseine.com\/lacasa\/#organization\",\"name\":\"LA CASA\",\"url\":\"https:\/\/www.bordsdeseine.com\/lacasa\/\",\"logo\":{\"@type\":\"ImageObject\",\"inLanguage\":\"fr-FR\",\"@id\":\"https:\/\/www.bordsdeseine.com\/lacasa\/#\/schema\/logo\/image\/\",\"url\":\"https:\/\/www.bordsdeseine.com\/wp-content\/uploads\/2024\/12\/Valise-Logo_La-Casa_Logo_Fond-Bleu_A5.png\",\"contentUrl\":\"https:\/\/www.bordsdeseine.com\/wp-content\/uploads\/2024\/12\/Valise-Logo_La-Casa_Logo_Fond-Bleu_A5.png\",\"width\":2481,\"height\":1748,\"caption\":\"LA CASA\"},\"image\":{\"@id\":\"https:\/\/www.bordsdeseine.com\/lacasa\/#\/schema\/logo\/image\/\"}}]}<\/script>\n<!-- \/ Yoast SEO plugin. -->","yoast_head_json":{"title":"Mentions l\u00e9gales - LA CASA","robots":{"index":"index","follow":"follow","max-snippet":"max-snippet:-1","max-image-preview":"max-image-preview:large","max-video-preview":"max-video-preview:-1"},"canonical":"https:\/\/www.bordsdeseine.com\/lacasa\/mentions-legales\/","og_locale":"fr_FR","og_type":"article","og_title":"Mentions l\u00e9gales - LA CASA","og_description":"[vc_row full_width=\u00a0\u00bbstretch_row_content\u00a0\u00bb full_height=\u00a0\u00bbyes\u00a0\u00bb css=\u00a0\u00bb.vc_custom_1727714772187{background-color: #f59f48 !important;}\u00a0\u00bb][vc_column][vc_empty_space height=\u00a0\u00bb200px\u00a0\u00bb][vc_column_text css=\u00a0\u00bb\u00a0\u00bb] MENTIONS L\u00c9GALES [\/vc_column_text][vc_empty_space height=\u00a0\u00bb100px\u00a0\u00bb][vc_row_inner][vc_column_inner][vc_column_text css=\u00a0\u00bb\u00a0\u00bb] 1. Identit\u00e9 du propri\u00e9taire du site Nom ou raison sociale de l&rsquo;entreprise\u00a0: Quais de Seine Food Forme juridique de l&rsquo;entreprise\u00a0: SAS Adresse du si\u00e8ge social\u00a0: 1 rue de Seine \u2013 78\u00a0670 M\u00e9dan Num\u00e9ro d&rsquo;immatriculation\u00a0: RCS Versailles n\u00b0983\u00a0627 902 Capital social\u00a0: 145.000\u20ac Nom&hellip;","og_url":"https:\/\/www.bordsdeseine.com\/lacasa\/mentions-legales\/","og_site_name":"LA CASA","article_modified_time":"2024-11-20T16:43:01+00:00","twitter_card":"summary_large_image","twitter_misc":{"Dur\u00e9e de lecture estim\u00e9e":"3 minutes"},"schema":{"@context":"https:\/\/schema.org","@graph":[{"@type":"WebPage","@id":"https:\/\/www.bordsdeseine.com\/lacasa\/mentions-legales\/","url":"https:\/\/www.bordsdeseine.com\/lacasa\/mentions-legales\/","name":"Mentions l\u00e9gales - LA CASA","isPartOf":{"@id":"https:\/\/www.bordsdeseine.com\/lacasa\/#website"},"datePublished":"2024-09-30T16:48:55+00:00","dateModified":"2024-11-20T16:43:01+00:00","breadcrumb":{"@id":"https:\/\/www.bordsdeseine.com\/lacasa\/mentions-legales\/#breadcrumb"},"inLanguage":"fr-FR","potentialAction":[{"@type":"ReadAction","target":["https:\/\/www.bordsdeseine.com\/lacasa\/mentions-legales\/"]}]},{"@type":"BreadcrumbList","@id":"https:\/\/www.bordsdeseine.com\/lacasa\/mentions-legales\/#breadcrumb","itemListElement":[{"@type":"ListItem","position":1,"name":"Accueil","item":"https:\/\/www.bordsdeseine.com\/lacasa\/"},{"@type":"ListItem","position":2,"name":"Mentions l\u00e9gales"}]},{"@type":"WebSite","@id":"https:\/\/www.bordsdeseine.com\/lacasa\/#website","url":"https:\/\/www.bordsdeseine.com\/lacasa\/","name":"LA CASA - BORDS DE SEINE","description":"","publisher":{"@id":"https:\/\/www.bordsdeseine.com\/lacasa\/#organization"},"potentialAction":[{"@type":"SearchAction","target":{"@type":"EntryPoint","urlTemplate":"https:\/\/www.bordsdeseine.com\/lacasa\/?s={search_term_string}"},"query-input":{"@type":"PropertyValueSpecification","valueRequired":true,"valueName":"search_term_string"}}],"inLanguage":"fr-FR"},{"@type":"Organization","@id":"https:\/\/www.bordsdeseine.com\/lacasa\/#organization","name":"LA CASA","url":"https:\/\/www.bordsdeseine.com\/lacasa\/","logo":{"@type":"ImageObject","inLanguage":"fr-FR","@id":"https:\/\/www.bordsdeseine.com\/lacasa\/#\/schema\/logo\/image\/","url":"https:\/\/www.bordsdeseine.com\/wp-content\/uploads\/2024\/12\/Valise-Logo_La-Casa_Logo_Fond-Bleu_A5.png","contentUrl":"https:\/\/www.bordsdeseine.com\/wp-content\/uploads\/2024\/12\/Valise-Logo_La-Casa_Logo_Fond-Bleu_A5.png","width":2481,"height":1748,"caption":"LA CASA"},"image":{"@id":"https:\/\/www.bordsdeseine.com\/lacasa\/#\/schema\/logo\/image\/"}}]}},"_links":{"self":[{"href":"https:\/\/www.bordsdeseine.com\/lacasa\/wp-json\/wp\/v2\/pages\/292","targetHints":{"allow":["GET"]}}],"collection":[{"href":"https:\/\/www.bordsdeseine.com\/lacasa\/wp-json\/wp\/v2\/pages"}],"about":[{"href":"https:\/\/www.bordsdeseine.com\/lacasa\/wp-json\/wp\/v2\/types\/page"}],"author":[{"embeddable":true,"href":"https:\/\/www.bordsdeseine.com\/lacasa\/wp-json\/wp\/v2\/users\/6"}],"replies":[{"embeddable":true,"href":"https:\/\/www.bordsdeseine.com\/lacasa\/wp-json\/wp\/v2\/comments?post=292"}],"version-history":[{"count":14,"href":"https:\/\/www.bordsdeseine.com\/lacasa\/wp-json\/wp\/v2\/pages\/292\/revisions"}],"predecessor-version":[{"id":566,"href":"https:\/\/www.bordsdeseine.com\/lacasa\/wp-json\/wp\/v2\/pages\/292\/revisions\/566"}],"wp:attachment":[{"href":"https:\/\/www.bordsdeseine.com\/lacasa\/wp-json\/wp\/v2\/media?parent=292"}],"curies":[{"name":"wp","href":"https:\/\/api.w.org\/{rel}","templated":true}]}}